{"id":27,"date":"2021-02-26T08:53:24","date_gmt":"2021-02-26T07:53:24","guid":{"rendered":"http:\/\/www.forium.de\/company\/?page_id=27"},"modified":"2024-09-24T13:27:47","modified_gmt":"2024-09-24T11:27:47","slug":"steuergo","status":"publish","type":"page","link":"https:\/\/www.forium.net\/company\/produkte\/steuergo\/","title":{"rendered":"SteuerGo"},"content":{"rendered":"\t\t<div data-elementor-type=\"wp-page\" data-elementor-id=\"27\" class=\"elementor elementor-27\">\n\t\t\t\t\t\t<section class=\"elementor-section elementor-top-section elementor-element elementor-element-d5d888f elementor-section-boxed elementor-section-height-default elementor-section-height-default\" data-id=\"d5d888f\" data-element_type=\"section\" data-e-type=\"section\">\n\t\t\t\t\t\t<div class=\"elementor-container elementor-column-gap-default\">\n\t\t\t\t\t<div class=\"elementor-column elementor-col-33 elementor-top-column elementor-element elementor-element-8281280\" data-id=\"8281280\" data-element_type=\"column\" data-e-type=\"column\">\n\t\t\t<div class=\"elementor-widget-wrap elementor-element-populated\">\n\t\t\t\t\t\t<div class=\"elementor-element elementor-element-dce30b1 elementor-widget elementor-widget-image\" data-id=\"dce30b1\" data-element_type=\"widget\" data-e-type=\"widget\" data-widget_type=\"image.default\">\n\t\t\t\t<div class=\"elementor-widget-container\">\n\t\t\t\t\t\t\t\t\t\t\t\t\t\t\t<img fetchpriority=\"high\" decoding=\"async\" width=\"1024\" height=\"632\" src=\"https:\/\/www.forium.net\/company\/wp-content\/uploads\/sites\/27\/2021\/03\/mockup_sg-1024x632.png\" class=\"attachment-large size-large wp-image-231\" alt=\"\" srcset=\"https:\/\/www.forium.net\/company\/wp-content\/uploads\/sites\/27\/2021\/03\/mockup_sg-1024x632.png 1024w, https:\/\/www.forium.net\/company\/wp-content\/uploads\/sites\/27\/2021\/03\/mockup_sg-300x185.png 300w, https:\/\/www.forium.net\/company\/wp-content\/uploads\/sites\/27\/2021\/03\/mockup_sg-768x474.png 768w, https:\/\/www.forium.net\/company\/wp-content\/uploads\/sites\/27\/2021\/03\/mockup_sg-560x346.png 560w, https:\/\/www.forium.net\/company\/wp-content\/uploads\/sites\/27\/2021\/03\/mockup_sg.png 1288w\" sizes=\"(max-width: 1024px) 100vw, 1024px\" \/>\t\t\t\t\t\t\t\t\t\t\t\t\t\t\t<\/div>\n\t\t\t\t<\/div>\n\t\t\t\t\t<\/div>\n\t\t<\/div>\n\t\t\t\t<div class=\"elementor-column elementor-col-66 elementor-top-column elementor-element elementor-element-80e9672\" data-id=\"80e9672\" data-element_type=\"column\" data-e-type=\"column\">\n\t\t\t<div class=\"elementor-widget-wrap elementor-element-populated\">\n\t\t\t\t\t\t<div class=\"elementor-element elementor-element-324a003 elementor-widget elementor-widget-text-editor\" data-id=\"324a003\" data-element_type=\"widget\" data-e-type=\"widget\" data-widget_type=\"text-editor.default\">\n\t\t\t\t<div class=\"elementor-widget-container\">\n\t\t\t\t\t\t\t\t\t<div class=\"elementor-element elementor-element-5553ef0 elementor-widget elementor-widget-text-editor\" data-id=\"5553ef0\" data-element_type=\"widget\" data-settings=\"{&quot;_animation&quot;:&quot;none&quot;}\" data-widget_type=\"text-editor.default\" style=\"--listpad: 15px; --liststyle: disc; --flex-direction: initial; --flex-wrap: initial; --justify-content: initial; --align-items: initial; --align-content: initial; --gap: initial; --flex-basis: initial; --flex-grow: initial; --flex-shrink: initial; --order: initial; --align-self: initial; flex-basis: var(--flex-basis); flex-grow: var(--flex-grow); flex-shrink: var(--flex-shrink); order: var(--order); align-self: var(--align-self); flex-direction: var(--flex-direction); flex-wrap: var(--flex-wrap); justify-content: var(--justify-content); align-items: var(--align-items); align-content: var(--align-content); gap: var(--gap); --swiper-theme-color: #000; --swiper-navigation-size: 44px; --swiper-pagination-bullet-size: 6px; --swiper-pagination-bullet-horizontal-gap: 6px; --widgets-spacing: 20px 20px; color: rgb(34, 34, 34); font-family: var( --e-global-typography-text-font-family ), Sans-serif; font-weight: 400; width: 460px;\"><div class=\"elementor-widget-container\" style=\"transition: background .3s,border .3s,border-radius .3s,box-shadow .3s,transform var(--e-transform-transition-duration,.4s);\"><h2 style=\"margin-bottom: 0px; font-weight: var(--h2fontweight); letter-spacing: var(--h2letterspacing); text-transform: var(--h2texttransform);\">SteuerGo<\/h2><\/div><\/div><div class=\"elementor-element elementor-element-23c37c4 elementor-widget elementor-widget-text-editor\" data-id=\"23c37c4\" data-element_type=\"widget\" data-widget_type=\"text-editor.default\" style=\"--listpad: 15px; --liststyle: disc; --flex-direction: initial; --flex-wrap: initial; --justify-content: initial; --align-items: initial; --align-content: initial; --gap: initial; --flex-basis: initial; --flex-grow: initial; --flex-shrink: initial; --order: initial; --align-self: initial; flex-basis: var(--flex-basis); flex-grow: var(--flex-grow); flex-shrink: var(--flex-shrink); order: var(--order); align-self: var(--align-self); flex-direction: var(--flex-direction); flex-wrap: var(--flex-wrap); justify-content: var(--justify-content); align-items: var(--align-items); align-content: var(--align-content); gap: var(--gap); --swiper-theme-color: #000; --swiper-navigation-size: 44px; --swiper-pagination-bullet-size: 6px; --swiper-pagination-bullet-horizontal-gap: 6px; --widgets-spacing: 20px 20px; color: rgb(34, 34, 34); font-family: var( --e-global-typography-text-font-family ), Sans-serif; font-weight: 400; width: 460px;\"><div class=\"elementor-widget-container\" style=\"transition: background .3s,border .3s,border-radius .3s,box-shadow .3s,transform var(--e-transform-transition-duration,.4s);\"><p><strong>Deine Steuererkl\u00e4rung. Einfach. \u00dcberall.<\/strong><\/p><p>Erstelle deine Steuererkl\u00e4rung einfach online und per App. So, wie du es willst.<\/p><p>Auch verf\u00fcgbar:&nbsp;\ud83c\uddec\ud83c\udde7 \ud83c\uddf5\ud83c\uddf1 \ud83c\uddf7\ud83c\uddfa \ud83c\uddf7\ud83c\uddf4<\/p><p><a href=\"https:\/\/www.steuergo.de\/\" target=\"_blank\" rel=\"noopener\" style=\"--linkdeco: none;\">www.steuergo.de<\/a><\/p><\/div><\/div>\t\t\t\t\t\t\t\t<\/div>\n\t\t\t\t<\/div>\n\t\t\t\t\t<\/div>\n\t\t<\/div>\n\t\t\t\t\t<\/div>\n\t\t<\/section>\n\t\t\t\t<\/div>\n\t\t","protected":false},"excerpt":{"rendered":"<p>SteuerGo Deine Steuererkl\u00e4rung. Einfach. \u00dcberall. Erstelle deine Steuererkl\u00e4rung einfach online und per App. So, wie du es willst. Auch verf\u00fcgbar:&nbsp;?? ?? ?? ?? www.steuergo.de<\/p>\n","protected":false},"author":117,"featured_media":0,"parent":21,"menu_order":0,"comment_status":"closed","ping_status":"closed","template":"page-templates\/template-pagebuilder-full-width.php","meta":{"neve_meta_sidebar":"","neve_meta_container":"","neve_meta_enable_content_width":"off","neve_meta_content_width":0,"neve_meta_title_alignment":"","neve_meta_author_avatar":"","neve_post_elements_order":"","neve_meta_disable_header":"","neve_meta_disable_footer":"","neve_meta_disable_title":"","footnotes":""},"class_list":["post-27","page","type-page","status-publish","hentry"],"yoast_head":"<!-- This site is optimized with the Yoast SEO plugin v27.3 - https:\/\/yoast.com\/product\/yoast-seo-wordpress\/ -->\n<title>SteuerGo - forium GmbH<\/title>\n<meta name=\"robots\" content=\"index, follow, max-snippet:-1, max-image-preview:large, max-video-preview:-1\" \/>\n<link rel=\"canonical\" href=\"https:\/\/www.forium.net\/company\/produkte\/steuergo\/\" \/>\n<meta property=\"og:locale\" content=\"de_DE\" \/>\n<meta property=\"og:type\" content=\"article\" \/>\n<meta property=\"og:title\" content=\"SteuerGo - forium GmbH\" \/>\n<meta property=\"og:description\" content=\"SteuerGo Deine Steuererkl\u00e4rung. Einfach. \u00dcberall. Erstelle deine Steuererkl\u00e4rung einfach online und per App. So, wie du es willst. Auch verf\u00fcgbar:&nbsp;?? ?? ?? ?? www.steuergo.de\" \/>\n<meta property=\"og:url\" content=\"https:\/\/www.forium.net\/company\/produkte\/steuergo\/\" \/>\n<meta property=\"og:site_name\" content=\"forium GmbH\" \/>\n<meta property=\"article:modified_time\" content=\"2024-09-24T11:27:47+00:00\" \/>\n<meta property=\"og:image\" content=\"https:\/\/www.forium.net\/company\/wp-content\/uploads\/sites\/27\/2021\/03\/mockup_sg-1024x632.png\" \/>\n<meta name=\"twitter:card\" content=\"summary_large_image\" \/>\n<meta name=\"twitter:label1\" content=\"Gesch\u00e4tzte Lesezeit\" \/>\n\t<meta name=\"twitter:data1\" content=\"1\u00a0Minute\" \/>\n<script type=\"application\/ld+json\" class=\"yoast-schema-graph\">{\"@context\":\"https:\\\/\\\/schema.org\",\"@graph\":[{\"@type\":\"WebPage\",\"@id\":\"https:\\\/\\\/www.forium.net\\\/company\\\/produkte\\\/steuergo\\\/\",\"url\":\"https:\\\/\\\/www.forium.net\\\/company\\\/produkte\\\/steuergo\\\/\",\"name\":\"SteuerGo - forium GmbH\",\"isPartOf\":{\"@id\":\"https:\\\/\\\/www.forium.net\\\/company\\\/#website\"},\"primaryImageOfPage\":{\"@id\":\"https:\\\/\\\/www.forium.net\\\/company\\\/produkte\\\/steuergo\\\/#primaryimage\"},\"image\":{\"@id\":\"https:\\\/\\\/www.forium.net\\\/company\\\/produkte\\\/steuergo\\\/#primaryimage\"},\"thumbnailUrl\":\"https:\\\/\\\/www.forium.net\\\/company\\\/wp-content\\\/uploads\\\/sites\\\/27\\\/2021\\\/03\\\/mockup_sg-1024x632.png\",\"datePublished\":\"2021-02-26T07:53:24+00:00\",\"dateModified\":\"2024-09-24T11:27:47+00:00\",\"breadcrumb\":{\"@id\":\"https:\\\/\\\/www.forium.net\\\/company\\\/produkte\\\/steuergo\\\/#breadcrumb\"},\"inLanguage\":\"de\",\"potentialAction\":[{\"@type\":\"ReadAction\",\"target\":[\"https:\\\/\\\/www.forium.net\\\/company\\\/produkte\\\/steuergo\\\/\"]}]},{\"@type\":\"ImageObject\",\"inLanguage\":\"de\",\"@id\":\"https:\\\/\\\/www.forium.net\\\/company\\\/produkte\\\/steuergo\\\/#primaryimage\",\"url\":\"https:\\\/\\\/www.forium.net\\\/company\\\/wp-content\\\/uploads\\\/sites\\\/27\\\/2021\\\/03\\\/mockup_sg.png\",\"contentUrl\":\"https:\\\/\\\/www.forium.net\\\/company\\\/wp-content\\\/uploads\\\/sites\\\/27\\\/2021\\\/03\\\/mockup_sg.png\",\"width\":1288,\"height\":795},{\"@type\":\"BreadcrumbList\",\"@id\":\"https:\\\/\\\/www.forium.net\\\/company\\\/produkte\\\/steuergo\\\/#breadcrumb\",\"itemListElement\":[{\"@type\":\"ListItem\",\"position\":1,\"name\":\"Startseite\",\"item\":\"https:\\\/\\\/www.forium.net\\\/company\\\/\"},{\"@type\":\"ListItem\",\"position\":2,\"name\":\"Produkte\",\"item\":\"https:\\\/\\\/www.forium.net\\\/company\\\/produkte\\\/\"},{\"@type\":\"ListItem\",\"position\":3,\"name\":\"SteuerGo\"}]},{\"@type\":\"WebSite\",\"@id\":\"https:\\\/\\\/www.forium.net\\\/company\\\/#website\",\"url\":\"https:\\\/\\\/www.forium.net\\\/company\\\/\",\"name\":\"forium GmbH\",\"description\":\"Softwarel\u00f6sungen f\u00fcr Ihre Steuererkl\u00e4rung\",\"publisher\":{\"@id\":\"https:\\\/\\\/www.forium.net\\\/company\\\/#organization\"},\"potentialAction\":[{\"@type\":\"SearchAction\",\"target\":{\"@type\":\"EntryPoint\",\"urlTemplate\":\"https:\\\/\\\/www.forium.net\\\/company\\\/?s={search_term_string}\"},\"query-input\":{\"@type\":\"PropertyValueSpecification\",\"valueRequired\":true,\"valueName\":\"search_term_string\"}}],\"inLanguage\":\"de\"},{\"@type\":\"Organization\",\"@id\":\"https:\\\/\\\/www.forium.net\\\/company\\\/#organization\",\"name\":\"forium GmbH\",\"url\":\"https:\\\/\\\/www.forium.net\\\/company\\\/\",\"logo\":{\"@type\":\"ImageObject\",\"inLanguage\":\"de\",\"@id\":\"https:\\\/\\\/www.forium.net\\\/company\\\/#\\\/schema\\\/logo\\\/image\\\/\",\"url\":\"https:\\\/\\\/www.forium.net\\\/company\\\/wp-content\\\/uploads\\\/sites\\\/27\\\/2021\\\/03\\\/forium_logo_800.png\",\"contentUrl\":\"https:\\\/\\\/www.forium.net\\\/company\\\/wp-content\\\/uploads\\\/sites\\\/27\\\/2021\\\/03\\\/forium_logo_800.png\",\"width\":800,\"height\":229,\"caption\":\"forium GmbH\"},\"image\":{\"@id\":\"https:\\\/\\\/www.forium.net\\\/company\\\/#\\\/schema\\\/logo\\\/image\\\/\"}}]}<\/script>\n<!-- \/ Yoast SEO plugin. -->","yoast_head_json":{"title":"SteuerGo - forium GmbH","robots":{"index":"index","follow":"follow","max-snippet":"max-snippet:-1","max-image-preview":"max-image-preview:large","max-video-preview":"max-video-preview:-1"},"canonical":"https:\/\/www.forium.net\/company\/produkte\/steuergo\/","og_locale":"de_DE","og_type":"article","og_title":"SteuerGo - forium GmbH","og_description":"SteuerGo Deine Steuererkl\u00e4rung. Einfach. \u00dcberall. Erstelle deine Steuererkl\u00e4rung einfach online und per App. So, wie du es willst. Auch verf\u00fcgbar:&nbsp;?? ?? ?? ?? www.steuergo.de","og_url":"https:\/\/www.forium.net\/company\/produkte\/steuergo\/","og_site_name":"forium GmbH","article_modified_time":"2024-09-24T11:27:47+00:00","og_image":[{"url":"https:\/\/www.forium.net\/company\/wp-content\/uploads\/sites\/27\/2021\/03\/mockup_sg-1024x632.png","type":"","width":"","height":""}],"twitter_card":"summary_large_image","twitter_misc":{"Gesch\u00e4tzte Lesezeit":"1\u00a0Minute"},"schema":{"@context":"https:\/\/schema.org","@graph":[{"@type":"WebPage","@id":"https:\/\/www.forium.net\/company\/produkte\/steuergo\/","url":"https:\/\/www.forium.net\/company\/produkte\/steuergo\/","name":"SteuerGo - forium GmbH","isPartOf":{"@id":"https:\/\/www.forium.net\/company\/#website"},"primaryImageOfPage":{"@id":"https:\/\/www.forium.net\/company\/produkte\/steuergo\/#primaryimage"},"image":{"@id":"https:\/\/www.forium.net\/company\/produkte\/steuergo\/#primaryimage"},"thumbnailUrl":"https:\/\/www.forium.net\/company\/wp-content\/uploads\/sites\/27\/2021\/03\/mockup_sg-1024x632.png","datePublished":"2021-02-26T07:53:24+00:00","dateModified":"2024-09-24T11:27:47+00:00","breadcrumb":{"@id":"https:\/\/www.forium.net\/company\/produkte\/steuergo\/#breadcrumb"},"inLanguage":"de","potentialAction":[{"@type":"ReadAction","target":["https:\/\/www.forium.net\/company\/produkte\/steuergo\/"]}]},{"@type":"ImageObject","inLanguage":"de","@id":"https:\/\/www.forium.net\/company\/produkte\/steuergo\/#primaryimage","url":"https:\/\/www.forium.net\/company\/wp-content\/uploads\/sites\/27\/2021\/03\/mockup_sg.png","contentUrl":"https:\/\/www.forium.net\/company\/wp-content\/uploads\/sites\/27\/2021\/03\/mockup_sg.png","width":1288,"height":795},{"@type":"BreadcrumbList","@id":"https:\/\/www.forium.net\/company\/produkte\/steuergo\/#breadcrumb","itemListElement":[{"@type":"ListItem","position":1,"name":"Startseite","item":"https:\/\/www.forium.net\/company\/"},{"@type":"ListItem","position":2,"name":"Produkte","item":"https:\/\/www.forium.net\/company\/produkte\/"},{"@type":"ListItem","position":3,"name":"SteuerGo"}]},{"@type":"WebSite","@id":"https:\/\/www.forium.net\/company\/#website","url":"https:\/\/www.forium.net\/company\/","name":"forium GmbH","description":"Softwarel\u00f6sungen f\u00fcr Ihre Steuererkl\u00e4rung","publisher":{"@id":"https:\/\/www.forium.net\/company\/#organization"},"potentialAction":[{"@type":"SearchAction","target":{"@type":"EntryPoint","urlTemplate":"https:\/\/www.forium.net\/company\/?s={search_term_string}"},"query-input":{"@type":"PropertyValueSpecification","valueRequired":true,"valueName":"search_term_string"}}],"inLanguage":"de"},{"@type":"Organization","@id":"https:\/\/www.forium.net\/company\/#organization","name":"forium GmbH","url":"https:\/\/www.forium.net\/company\/","logo":{"@type":"ImageObject","inLanguage":"de","@id":"https:\/\/www.forium.net\/company\/#\/schema\/logo\/image\/","url":"https:\/\/www.forium.net\/company\/wp-content\/uploads\/sites\/27\/2021\/03\/forium_logo_800.png","contentUrl":"https:\/\/www.forium.net\/company\/wp-content\/uploads\/sites\/27\/2021\/03\/forium_logo_800.png","width":800,"height":229,"caption":"forium GmbH"},"image":{"@id":"https:\/\/www.forium.net\/company\/#\/schema\/logo\/image\/"}}]}},"amp_enabled":true,"_links":{"self":[{"href":"https:\/\/www.forium.net\/company\/wp-json\/wp\/v2\/pages\/27","targetHints":{"allow":["GET"]}}],"collection":[{"href":"https:\/\/www.forium.net\/company\/wp-json\/wp\/v2\/pages"}],"about":[{"href":"https:\/\/www.forium.net\/company\/wp-json\/wp\/v2\/types\/page"}],"author":[{"embeddable":true,"href":"https:\/\/www.forium.net\/company\/wp-json\/wp\/v2\/users\/117"}],"replies":[{"embeddable":true,"href":"https:\/\/www.forium.net\/company\/wp-json\/wp\/v2\/comments?post=27"}],"version-history":[{"count":3,"href":"https:\/\/www.forium.net\/company\/wp-json\/wp\/v2\/pages\/27\/revisions"}],"predecessor-version":[{"id":5315,"href":"https:\/\/www.forium.net\/company\/wp-json\/wp\/v2\/pages\/27\/revisions\/5315"}],"up":[{"embeddable":true,"href":"https:\/\/www.forium.net\/company\/wp-json\/wp\/v2\/pages\/21"}],"wp:attachment":[{"href":"https:\/\/www.forium.net\/company\/wp-json\/wp\/v2\/media?parent=27"}],"curies":[{"name":"wp","href":"https:\/\/api.w.org\/{rel}","templated":true}]}}